 (61 - 13 - 22 - (2 + -2)).
-16
Evaluate 91 - (79 + -73) - -4.
89
Evaluate -83 + (-66 + 109 - -25).
-15
Evaluate (-12 - -93) + (-111 - 30).
-60
Calculate 13 - (-17 + 1 + 12 + (-10 - -2)).
25
What is the value of 1 + (-12 - -22) + 0 + 0 + -16?
-5
What is the value of (-3 - (20 - 28) - -17) + 22?
44
(0 + 22 - 19) + 1 + 0 + -17 + -44
-57
Evaluate -63 + (6 - (-15 + (51 - 28) - (-1 + 6))).
-60
(-14 - -32) + 0 + 10 + 6 + -23 + -15
-4
76 + 37 + -69 - 26
18
Evaluate (-11 - (-4 + -25 - -4)) + 31 + 14.
59
Calculate (4 - 5) + 16 + -61 + 79 + 22.
55
Calculate (-125 + -15 - -67) + (-13 - (-1 - -2)).
-87
Evaluate -50 + 14 + 11 - -29 - -87.
91
What is -4 + 16 - (-58 - -8) - 14?
48
Evaluate -8 + 3 + ((-17 - -15) + 11 - (38 - -1)).
-35
Calculate -7 + -36 + 81 + 3.
41
Evaluate (-165 + 159 - -17 - (0 - -10)) + (-1 - -58).
58
What is the value of (12 - -15 - 31) + (1 - (-1 - -3)) + -7?
-12
(-25 - -26 - -27) + (11 - (0 + -2))
41
Evaluate (208 - 215) + -4 + 0 + 60 - 11.
38
Calculate 48 + -25 + 1 + -69 + -3.
-48
What is the value of 17 + (4 - (20 - 2)) + 37?
40
What is the value of 0 + 4 - (-45 - (-77 - -52)) - 14?
10
Evaluate 18 + -8 + (-12 - -1) + 3.
2
Calculate -26 + (1 + -15 - (15 + 11 + -34)).
-32
What is the value of (-13 - 54) + 37 - -15 - 125?
-140
What is (-12 - -53 - -9) + (-85 + 97 - (-2 + 5))?
59
Calculate 6 - 102 - (-360 + 329).
-65
Calculate -31 - (-18 - (-57 - -156)).
86
What is the value of 0 - -27 - 9 - 30?
-12
Calculate -1348 - -1281 - (-10 + -1).
-56
Evaluate 1 + 52 + 1081 + -1148.
-14
(127 - (34 + -48)) + -18
123
Calculate 4 + 18 + (-19 - (-4 - -14)) + 40.
33
Evaluate 2 + -1 - (-5 + (31 - (3 - -6 - 1))).
-17
Calculate (38 - -6) + (-12 - 11 - -32).
53
-17 + 1 + -23 + (3 - -30) + -28
-34
What is -36 + (22 - 36) + 59 + 32?
41
Calculate (0 + -22 - -32) + (1 + 0 - 56).
-45
Calculate -4 + -1 + 62 + ((13 - 18) + -12 - -10).
50
-1 - (8 + -13 + (4 - 4))
4
What is 915 + -928 - (3 + (-2 - -2))?
-16
What is the value of -88 + 1 - (1250 + -1312)?
-25
What is the value of -1 - (25 - (-1 - -4)) - (-283 + 283)?
-23
Evaluate -58 - ((506 - 539) + (0 - -32)).
-57
Evaluate -27 + 1 - (155 + -68 + -78).
-35
Evaluate 0 + 7 - (3 - -4 - (77 - 10 - 57)).
10
What is -6 - -48 - (94 + -108 + -1)?
57
Calculate 11 + 3 - (23 + -86 + 18).
59
Calculate -101 - -2 - (-5308 - -5266).
-57
What is the value of 17 - (13 - (-35 + 19 + 0 + 30))?
18
-8 + -2 + 10 + -4 + 0 + -15
-19
What is 30 - ((18 - -2) + -7) - (18 - 19)?
18
What is -43 + 63 + -38 - -41?
23
Calculate 232 + -242 - (-1 + 19 - 5).
-23
What is the value of -53 - ((-6 - 8 - -25) + (-3 - (3 - 3)))?
-61
What is the value of (-25 - (-103 + 77)) + -61?
-60
What is the value of 0 + (4 - 9) - -9 - 19 - (-67 - -64)?
-12
Calculate (18 - ((-22 - (-51 + 6)) + -4)) + -1.
-2
What is (84 - -96) + (-87 - -52)?
145
Calculate -54 + (83 - -21 - 50).
0
Calculate 22 + (-1 - 5 - -9 - 24) - (0 + -12).
13
What is 8 + 15 + -36 + 12 + 4 + -28?
-25
Calculate 20 - (-11 - 9 - -23) - 20.
-3
(1 - (-2 - -11)) + 2 + (5 + -25 - 46)
-72
What is 24 + 0 + 0 + (-4701 - -4705)?
28
What is 5 + -6 - (-104 - -85)?
18
Calculate 0 + -54 + (8 + 10 + -4 - (-9 - -26)).
-57
Calculate 3 + 1 - (-729 + 672 - (4 + -3 - -13)).
75
Calculate 2 + (47 - 16) + -27.
6
What is (58 - (106 - 1)) + 182?
135
What is the value of (-35 + 30 + -6 + 10 - -27) + -14?
12
Evaluate -116 - 104 - -219 - (14 + 1 + -1).
-15
-7 - -19 - (0 + -48 - (1 + 14))
75
Evaluate (-2 - -19) + (-27 - (40 + -77)) - 6.
21
What is 172 - 74 - 61 - (3 - 54)?
88
What is 6 - (2 + -18 + -7 - -5)?
24
What is -24 + 11 - ((-2 - -12) + -109 + 40)?
46
What is the value of 46 + -22 + 38 + -5 + 5 + 0 + -4?
58
-20 - (-12 + -6 - 2) - 7
-7
What is 33 - (98 + 27 - -41 - 10)?
-123
What is the value of 52 + -113 + 66 - 68?
-63
What is (3 - -2) + 35 + -55 + -2?
-17
What is the value of 86 + (2 - 76) - (-26 - 0)?
38
What is 1 + 33 + (-3027 - -3019)?
26
(-4 - -2 - (-4 - -1)) + -11 + (1617 - 1650)
-43
Calculate 125 - (-101 - -207) - (1 - -49).
-31
(-3 - -8 - 40) + -14 + -1 + 3 + 8
-39
Evaluate (-47 - ((0 - 13) + -1 - -3)) + -14.
-50
What is (-10 - -12) + (6 + 44 - (34 - 30))?
48
What is the value of (42 - (-1 + 2)) + (-70 + (13 - -42) - -10)?
36
Evaluate (-3 - 4) + 6 + -8 + 1 + 14.
6
Calculate -31 + -37 + (-67 - -16) - -14.
-105
Calculate 2 + -6 + (-2 - -2 - (11 + -19)) - 21.
-17
What is the value of 314 - 226 - (-25 + 83)?
30
Calculate 282 + -225 - (-13 - -96).
-26
-164 + 78 + -28 - -55
-59
What is the value of 84 + (-10 - -2 - -16) - (10 - -1)?
81
What is the value of 57 + -6 + -143 - -53?
-39
What is 0 - -116 - ((50 - -23) + -82) - 11?
114
Calculate 1 + -4 + -1 - (152 + -92 - 42).
-22
-29 + 17 + 4 + -16 + -7 + 8
-23
What is the value of (-3 + 1 - (9 - 7) - -62) + 658 + -662?
54
Evaluate 7 + (-22 - 2 - (-5 + (-5 - (-9 - 7)))).
-23
-3408 + 3438 - (-5 - 1)
36
What is the value of -46 - (5 - -26 - 49)?
-28
-23646 + 23765 + (-15 - 0)
104
What is -1 + 1 + (-152 - -139) + 13 + -13 + 9?
-4
What is the value of 27 + 31 - ((-6 - -2) + 0 + (-32 - -41))?
53
Calculate -12 + (-1 - -41) + -7 + 5 + 6.
32
What is -6 + 15 + 2 + -3 - -5 - (99 - 42)?
-44
Evaluate 10 + 4 + (30 + -16 - (-2 - (-4 - -71))).
97
What is the value of -2 + 57 + -33 + -54 + 5 + 11?
-16
What is the value of (-8 - 25) + 39 + 10 - 26?
-10
Evaluate ((-28 - -8) + 2 - -3 - -26) + -114.
-103
Calculate (8 - 1) + (1509 - 1453).
63
What is the value of (61 - 21) + -27 + -40?
-27
Evaluate (5 - -17 - (4 + 0)) + 14.
32
What is the value of -5 + -2 - (-13 + (-5 - -40) + 8)?
-37
What is -73 - 5 - (11 + (-48 - -16))?
-57
(413 + -420 - (-2 - -16)) + (0 + -2 - -7)
-16
What is -1 + 11 + (23 + 2 + -12 - 27) - 74?
-78
Evaluate ((1 - -2) + 4 - (265 - 247) - 26) + -2.
-39
Evaluate -30 + 40 - (136 + (-5 - -12) - (3 + -2)).
-132
Calculate -2966 - -2969 - (3 + 2 + -7 - 141).
146
Evaluate -82 + (0 - 53 - -58).
-77
160 + -159 - (-39 + (-1 - 0)) - (-19 - -20)
40
3 + 11 + 18 + -52 + -2
-22
Calculate -30 + 12 + -17 + -13 + (-3 - -16).
-35
Evaluate (17 - 50 - -9 - -15 - (-10 - 0)) + -8.
-7
Evaluate -3 + (26 - 40) + 21.
4
What is the value of 0 + 5 - (606 - 625)?
24
Calculate -13 - -5 - (24 + (8 - 14) + 1).
-27
-191 + 90 - (-10 - 2) - -15
-74
What is -2 + 11 - (-8 - (6 - 23)) - -11?
11
Evaluate 56 + 0 + 6 - ((-23 - 44) + 50).
79
-43 + (-40 - -122 - 26)
13
-1 + -2 + -20 - (-64 + 121 + -52)
-28
Calculate (-7 - (4 + -8)) + 45 - (-32 - -26).
48
(152 - 85 - 133) + (-5 + 2 + 3 - 0)
-66
What is the value of 17 - (-17 + (-2 + -14 - 8)) - -4?
62
What is the value of -19 - -3 - (-338 + 323) - 9?
-10
Calculate (7 - 23) + 12 + (37 - (2 - (-15 + 10))).
26
What is 12 + 28 + (-75 - -7)?
-28
Evaluate -16 - (6 - 28) - (36 - 36).
6
Calculate -23 - (-59 - -26 - -22) - (-23 + 2).
9
What is the value of -11 - ((-168 - -86) + 7)?
64
Evaluate 106 + -61 - (70 + -24).
-1
Evaluate (54 + 106 - 34) + -113.
13
What is (-24 - -86) + 30 + -139?
-47
64 - (9 - 30 - (9 - (12 - -10)))
72
What is 2 + -3 + (-29 - (33 - 17)) + (-2 - 14)?
-62
Calculate 69 + 2 + (-546 - -518).
43
What is 2 - -29 - (1442 + -1469)?
58
Calculate (8 - (27 + 2 + -9)) + 0 + 47.
35
2 - 1 - (10 + (-128 - -89 - (-8 - 2)))
20
27 - (-3 - (5 - 22)) - 16
-3
What is the value of 2046 + -2054 - (2 - 66)?
56
Calculate 762 + -744 - (-3 + (0 - -3)) - 89.
-71
What is 59 - 86 - (-167 + 100)?
40
What is -81 - (25 - 32 - 8)?
-66
What is the value of 7 - (-3 + 6) - (-6 - 5 - (-4 + -61))?
-50
74 + 9 - (321 - 285)
47
Evaluate 2 + (-4 - 19) - (615 + -644).
8
Evaluate -60 - (-9 - ((22 + -1 - 22) + (1 - 1))).
-52
-4 - (-3 - -3) - (-11 + 28 + -10 + -15)
4
What is -64 + -4 + 4 + -8 + 3 + -3 + -6?
-78
What is the value of (1 - -18) + (259 - 137 - 89)?
52
What is -18 + 45 + -17 - ((-1 - -121) + -11)?
-99
1 - ((-5 + -10 - -11) + -9) - -7
21
What is (2619 - 2629) + 1 + -48 + -3?
-60
What is 44 - (-56 - (-76 + 21))?
45
Calculate 53 + -5 + -21 - 40 - (-39 + 1).
25
What is -9 + -11 + 11 + 12 + (0 - 2) + -59?
-58
(-3 - 1) + -6 + 20 + (-15 - -6) + -32
-31
What is the value of -24 - (-23 - 33) - 45?
-13
What is (20 - (44 + -20)) + (12 - 36)?
-28
Evaluate -61 + 74 + 21 - (13 + -4 + 2 + 0).
23
-25 + (33 - (53 + -33 + -6))
-6
What is the value of (2 - 0) + -12 + (-8 - (-14 - (-9 - -17)))?
4
Evaluate 140 + -71 + -68 + -51.
-50
What is -1 - -11 - (70 + -59) - -3 - 11 - -58?
49
-8 + (-4 + -3 - -4) + 7 - (-3